{"id":344,"date":"2018-04-03T07:06:47","date_gmt":"2018-04-03T07:06:47","guid":{"rendered":"http:\/\/wp\/portfolio-light\/?page_id=344"},"modified":"2021-06-08T14:01:49","modified_gmt":"2021-06-08T14:01:49","slug":"blog","status":"publish","type":"page","link":"http:\/\/josephinekaiser.com\/?page_id=344","title":{"rendered":"Skulpturen"},"content":{"rendered":"<div class=\"flex_column av_one_full  flex_column_div av-zero-column-padding first  avia-builder-el-0  el_before_av_one_third  avia-builder-el-first  \" style='border-radius:0px; '><section class=\"av_textblock_section \"  itemscope=\"itemscope\" itemtype=\"https:\/\/schema.org\/CreativeWork\" ><div class='avia_textblock  '   itemprop=\"text\" ><div class=\"page\" title=\"Page 6\">\n<div class=\"layoutArea\">\n<div class=\"column\">\n<p style=\"text-align: center;\"><span style=\"color: #34444d;\">\u201eWoran denkt man wenn man h\u00f6rt, da\u00df jemand Josephine Kaiser hei\u00dft?<\/span><\/p>\n<p style=\"text-align: center;\"><span style=\"color: #34444d;\">Zuerst an Josefine Mutzenbacher, dann an die Kaiserin Sissi<\/span><\/p>\n<p style=\"text-align: center;\"><span style=\"color: #34444d;\">und wie bringt man das zusammen?&#8221;<\/span><\/p>\n<\/div>\n<\/div>\n<\/div>\n<\/div><\/section><\/div>\n<div class=\"flex_column av_one_third  flex_column_div av-zero-column-padding first  avia-builder-el-2  el_after_av_one_full  el_before_av_one_third  column-top-margin\" style='border-radius:0px; '><div  class='avia-image-container  av-styling-    avia-builder-el-3  avia-builder-el-no-sibling  avia-align-center '  itemprop=\"image\" itemscope=\"itemscope\" itemtype=\"https:\/\/schema.org\/ImageObject\"  ><div class='avia-image-container-inner'><div class='avia-image-overlay-wrap'><img decoding=\"async\" class='wp-image-757 avia-img-lazy-loading-not-757 avia_image' src=\"http:\/\/josephinekaiser.com\/wp-content\/uploads\/2020\/11\/JosephineKaiser_Sculpture_BalloonLady3-600x885.png\" alt='' title='JosephineKaiser_Sculpture_BalloonLady3' height=\"885\" width=\"600\"  itemprop=\"thumbnailUrl\" srcset=\"http:\/\/josephinekaiser.com\/wp-content\/uploads\/2020\/11\/JosephineKaiser_Sculpture_BalloonLady3-600x885.png 600w, http:\/\/josephinekaiser.com\/wp-content\/uploads\/2020\/11\/JosephineKaiser_Sculpture_BalloonLady3-699x1030.png 699w, http:\/\/josephinekaiser.com\/wp-content\/uploads\/2020\/11\/JosephineKaiser_Sculpture_BalloonLady3-768x1132.png 768w, http:\/\/josephinekaiser.com\/wp-content\/uploads\/2020\/11\/JosephineKaiser_Sculpture_BalloonLady3-478x705.png 478w, http:\/\/josephinekaiser.com\/wp-content\/uploads\/2020\/11\/JosephineKaiser_Sculpture_BalloonLady3.png 970w\" sizes=\"(max-width: 600px) 100vw, 600px\" \/><\/div><\/div><\/div><\/div>\n<div class=\"flex_column av_one_third  flex_column_div av-zero-column-padding   avia-builder-el-4  el_after_av_one_third  el_before_av_one_third  column-top-margin\" style='border-radius:0px; '><div  class='avia-image-container  av-styling-    avia-builder-el-5  avia-builder-el-no-sibling  avia-align-center '  itemprop=\"image\" itemscope=\"itemscope\" itemtype=\"https:\/\/schema.org\/ImageObject\"  ><div class='avia-image-container-inner'><div class='avia-image-overlay-wrap'><img decoding=\"async\" class='wp-image-783 avia-img-lazy-loading-not-783 avia_image' src=\"http:\/\/josephinekaiser.com\/wp-content\/uploads\/2020\/11\/JosephineKaiser_SkulpturenWand-600x552.png\" alt='' title='JosephineKaiser_SkulpturenWand' height=\"552\" width=\"600\"  itemprop=\"thumbnailUrl\" srcset=\"http:\/\/josephinekaiser.com\/wp-content\/uploads\/2020\/11\/JosephineKaiser_SkulpturenWand-600x552.png 600w, http:\/\/josephinekaiser.com\/wp-content\/uploads\/2020\/11\/JosephineKaiser_SkulpturenWand-1030x948.png 1030w, http:\/\/josephinekaiser.com\/wp-content\/uploads\/2020\/11\/JosephineKaiser_SkulpturenWand-768x706.png 768w, http:\/\/josephinekaiser.com\/wp-content\/uploads\/2020\/11\/JosephineKaiser_SkulpturenWand-1536x1413.png 1536w, http:\/\/josephinekaiser.com\/wp-content\/uploads\/2020\/11\/JosephineKaiser_SkulpturenWand-1500x1380.png 1500w, http:\/\/josephinekaiser.com\/wp-content\/uploads\/2020\/11\/JosephineKaiser_SkulpturenWand-705x649.png 705w, http:\/\/josephinekaiser.com\/wp-content\/uploads\/2020\/11\/JosephineKaiser_SkulpturenWand.png 1648w\" sizes=\"(max-width: 600px) 100vw, 600px\" \/><\/div><\/div><\/div><\/div>\n<div class=\"flex_column av_one_third  flex_column_div av-zero-column-padding   avia-builder-el-6  el_after_av_one_third  el_before_av_one_full  column-top-margin\" style='border-radius:0px; '><div  class='avia-image-container  av-styling-    avia-builder-el-7  avia-builder-el-no-sibling  avia-align-center '  itemprop=\"image\" itemscope=\"itemscope\" itemtype=\"https:\/\/schema.org\/ImageObject\"  ><div class='avia-image-container-inner'><div class='avia-image-overlay-wrap'><img decoding=\"async\" class='wp-image-766 avia-img-lazy-loading-not-766 avia_image' src=\"http:\/\/josephinekaiser.com\/wp-content\/uploads\/2020\/11\/JosephineKaiser_Sculpture_DivaDivine-600x881.png\" alt='' title='JosephineKaiser_Sculpture_DivaDivine' height=\"881\" width=\"600\"  itemprop=\"thumbnailUrl\" srcset=\"http:\/\/josephinekaiser.com\/wp-content\/uploads\/2020\/11\/JosephineKaiser_Sculpture_DivaDivine-600x881.png 600w, http:\/\/josephinekaiser.com\/wp-content\/uploads\/2020\/11\/JosephineKaiser_Sculpture_DivaDivine-702x1030.png 702w, http:\/\/josephinekaiser.com\/wp-content\/uploads\/2020\/11\/JosephineKaiser_Sculpture_DivaDivine-768x1127.png 768w, http:\/\/josephinekaiser.com\/wp-content\/uploads\/2020\/11\/JosephineKaiser_Sculpture_DivaDivine-480x705.png 480w, http:\/\/josephinekaiser.com\/wp-content\/uploads\/2020\/11\/JosephineKaiser_Sculpture_DivaDivine.png 970w\" sizes=\"(max-width: 600px) 100vw, 600px\" \/><\/div><\/div><\/div><\/div>\n<div class=\"flex_column av_one_full  flex_column_div av-zero-column-padding first  avia-builder-el-8  el_after_av_one_third  el_before_av_one_third  column-top-margin\" style='border-radius:0px; '><section class=\"av_textblock_section \"  itemscope=\"itemscope\" itemtype=\"https:\/\/schema.org\/CreativeWork\" ><div class='avia_textblock  '   itemprop=\"text\" ><p style=\"text-align: center;\"><span style=\"color: #34444d;\">\u201eAber der Reihe nach. Auf der Praterinsel in M\u00fcnchens Zentrum findet j\u00e4hrlich die Underground Messe Urban\u00a0Art statt. Auch das ein Widerspruch in sich. Underground und Kommerz ? Wie geht das nur zusammen. Auf dieser Veranstaltung die sich kultig gibt, aber im Grunde wie eine kommerzielle Kunstmesse f\u00fcr den Mann von der Stra\u00dfe aufgezogen ist, wird in klassischen Messest\u00e4nden Graffiti zur Kunst erhoben, mit Preisschildern versehen und den \u00fcblichen Qualit\u00e4ts- und Niveauunterschieden wie auf herk\u00f6mmlichen Messen, das was man im Stadtbild jeder Gro\u00df- und Kleinstadt, oft auch als Beleidigung f\u00fcr die Augen und die betroffenen Geb\u00e4ude, als Schmierereien wahrnimmt, auf Leinw\u00e4nde gespr\u00fcht und versucht an den Mann oder die Frau zu bringen.&#8221;<\/span><\/p>\n<\/div><\/section><\/div><div class=\"flex_column av_one_third  flex_column_div av-zero-column-padding first  avia-builder-el-10  el_after_av_one_full  el_before_av_one_third  column-top-margin\" style='border-radius:0px; '><div  class='avia-image-container  av-styling-    avia-builder-el-11  avia-builder-el-no-sibling  avia-align-center '  itemprop=\"image\" itemscope=\"itemscope\" itemtype=\"https:\/\/schema.org\/ImageObject\"  ><div class='avia-image-container-inner'><div class='avia-image-overlay-wrap'><img decoding=\"async\" class='wp-image-765 avia-img-lazy-loading-not-765 avia_image' src=\"http:\/\/josephinekaiser.com\/wp-content\/uploads\/2020\/11\/JosephineKaiser_Sculpture_DieBar-600x872.png\" alt='' title='JosephineKaiser_Sculpture_DieB\u00e4r' height=\"872\" width=\"600\"  itemprop=\"thumbnailUrl\" srcset=\"http:\/\/josephinekaiser.com\/wp-content\/uploads\/2020\/11\/JosephineKaiser_Sculpture_DieBar-600x872.png 600w, http:\/\/josephinekaiser.com\/wp-content\/uploads\/2020\/11\/JosephineKaiser_Sculpture_DieBar-709x1030.png 709w, http:\/\/josephinekaiser.com\/wp-content\/uploads\/2020\/11\/JosephineKaiser_Sculpture_DieBar-768x1116.png 768w, http:\/\/josephinekaiser.com\/wp-content\/uploads\/2020\/11\/JosephineKaiser_Sculpture_DieBar-485x705.png 485w, http:\/\/josephinekaiser.com\/wp-content\/uploads\/2020\/11\/JosephineKaiser_Sculpture_DieBar.png 984w\" sizes=\"(max-width: 600px) 100vw, 600px\" \/><\/div><\/div><\/div><\/div><\/p>\n<div class=\"flex_column av_one_third  flex_column_div av-zero-column-padding   avia-builder-el-12  el_after_av_one_third  el_before_av_one_third  column-top-margin\" style='border-radius:0px; '><div  class='avia-image-container  av-styling-    avia-builder-el-13  avia-builder-el-no-sibling  avia-align-center '  itemprop=\"image\" itemscope=\"itemscope\" itemtype=\"https:\/\/schema.org\/ImageObject\"  ><div class='avia-image-container-inner'><div class='avia-image-overlay-wrap'><img decoding=\"async\" class='wp-image-770 avia-img-lazy-loading-not-770 avia_image' src=\"http:\/\/josephinekaiser.com\/wp-content\/uploads\/2020\/11\/JosephineKaiser_Sculpture_LionLady-600x878.png\" alt='' title='JosephineKaiser_Sculpture_LionLady' height=\"878\" width=\"600\"  itemprop=\"thumbnailUrl\" srcset=\"http:\/\/josephinekaiser.com\/wp-content\/uploads\/2020\/11\/JosephineKaiser_Sculpture_LionLady-600x878.png 600w, http:\/\/josephinekaiser.com\/wp-content\/uploads\/2020\/11\/JosephineKaiser_Sculpture_LionLady-704x1030.png 704w, http:\/\/josephinekaiser.com\/wp-content\/uploads\/2020\/11\/JosephineKaiser_Sculpture_LionLady-768x1124.png 768w, http:\/\/josephinekaiser.com\/wp-content\/uploads\/2020\/11\/JosephineKaiser_Sculpture_LionLady-482x705.png 482w, http:\/\/josephinekaiser.com\/wp-content\/uploads\/2020\/11\/JosephineKaiser_Sculpture_LionLady.png 980w\" sizes=\"(max-width: 600px) 100vw, 600px\" \/><\/div><\/div><\/div><\/div>\n<div class=\"flex_column av_one_third  flex_column_div av-zero-column-padding   avia-builder-el-14  el_after_av_one_third  el_before_av_one_full  column-top-margin\" style='border-radius:0px; '><div  class='avia-image-container  av-styling-    avia-builder-el-15  avia-builder-el-no-sibling  avia-align-center '  itemprop=\"image\" itemscope=\"itemscope\" itemtype=\"https:\/\/schema.org\/ImageObject\"  ><div class='avia-image-container-inner'><div class='avia-image-overlay-wrap'><img decoding=\"async\" class='wp-image-782 avia-img-lazy-loading-not-782 avia_image' src=\"http:\/\/josephinekaiser.com\/wp-content\/uploads\/2020\/11\/JosephineKaiser_Sculpture_ZebraLady-600x881.png\" alt='' title='JosephineKaiser_Sculpture_ZebraLady' height=\"881\" width=\"600\"  itemprop=\"thumbnailUrl\" srcset=\"http:\/\/josephinekaiser.com\/wp-content\/uploads\/2020\/11\/JosephineKaiser_Sculpture_ZebraLady-600x881.png 600w, http:\/\/josephinekaiser.com\/wp-content\/uploads\/2020\/11\/JosephineKaiser_Sculpture_ZebraLady-701x1030.png 701w, http:\/\/josephinekaiser.com\/wp-content\/uploads\/2020\/11\/JosephineKaiser_Sculpture_ZebraLady-768x1128.png 768w, http:\/\/josephinekaiser.com\/wp-content\/uploads\/2020\/11\/JosephineKaiser_Sculpture_ZebraLady-480x705.png 480w, http:\/\/josephinekaiser.com\/wp-content\/uploads\/2020\/11\/JosephineKaiser_Sculpture_ZebraLady.png 972w\" sizes=\"(max-width: 600px) 100vw, 600px\" \/><\/div><\/div><\/div><\/div>\n<div class=\"flex_column av_one_full  flex_column_div av-zero-column-padding first  avia-builder-el-16  el_after_av_one_third  el_before_av_one_third  column-top-margin\" style='border-radius:0px; '><section class=\"av_textblock_section \"  itemscope=\"itemscope\" itemtype=\"https:\/\/schema.org\/CreativeWork\" ><div class='avia_textblock  '   itemprop=\"text\" ><p style=\"text-align: center;\"><span style=\"color: #34444d;\">\u201eBeim Rundgang durch die 3 Tage Messe bei der es durch die Masse der Ware und den gro\u00dfen Publikumsandrang gar nicht so leicht war die Spreu vom Weizen zu trennen, fiel mir ein Stand der anders als die Anderen war ins Auge.<\/span><\/p>\n<div class=\"page\" title=\"Page 7\">\n<div class=\"layoutArea\">\n<div class=\"column\">\n<p style=\"text-align: center;\"><span style=\"color: #34444d;\">An den Stellw\u00e4nden war nichts gespr\u00fcht, hing nichts Eindimensionales im rechtem Winkel. Man musste nahe rangehen um zu erkennen was denn da an der Wand hing. Bei der genauen Betrachtung der H\u00e4ngeware handelte es sich um ungef\u00e4hr 20 bis 30 cm kleine\u00a0bunte Halbrelief- Puppen die es in sich haben. Es waren humorvolle witzige mit einem Augenzwinkern, aber im Detail pr\u00e4zise ausgearbeitete zur \u00dcberzeichnung neigende Charakterstudien sexueller M\u00e4nnerphantasien, wie man sie aus Hochglanz M\u00e4nner Magazinen zu kennen glaubt.&#8221;<\/span><\/p>\n<\/div>\n<\/div>\n<\/div>\n<\/div><\/section><\/div><div class=\"flex_column av_one_third  flex_column_div av-zero-column-padding first  avia-builder-el-18  el_after_av_one_full  el_before_av_one_third  column-top-margin\" style='border-radius:0px; '><div  class='avia-image-container  av-styling-    avia-builder-el-19  avia-builder-el-no-sibling  avia-align-center '  itemprop=\"image\" itemscope=\"itemscope\" itemtype=\"https:\/\/schema.org\/ImageObject\"  ><div class='avia-image-container-inner'><div class='avia-image-overlay-wrap'><img decoding=\"async\" class='wp-image-767 avia-img-lazy-loading-not-767 avia_image' src=\"http:\/\/josephinekaiser.com\/wp-content\/uploads\/2020\/11\/JosephineKaiser_Sculpture_Freud-600x875.png\" alt='' title='JosephineKaiser_Sculpture_Freud' height=\"875\" width=\"600\"  itemprop=\"thumbnailUrl\" srcset=\"http:\/\/josephinekaiser.com\/wp-content\/uploads\/2020\/11\/JosephineKaiser_Sculpture_Freud-600x875.png 600w, http:\/\/josephinekaiser.com\/wp-content\/uploads\/2020\/11\/JosephineKaiser_Sculpture_Freud-706x1030.png 706w, http:\/\/josephinekaiser.com\/wp-content\/uploads\/2020\/11\/JosephineKaiser_Sculpture_Freud-768x1121.png 768w, http:\/\/josephinekaiser.com\/wp-content\/uploads\/2020\/11\/JosephineKaiser_Sculpture_Freud-483x705.png 483w, http:\/\/josephinekaiser.com\/wp-content\/uploads\/2020\/11\/JosephineKaiser_Sculpture_Freud.png 976w\" sizes=\"(max-width: 600px) 100vw, 600px\" \/><\/div><\/div><\/div><\/div><\/p>\n<div class=\"flex_column av_one_third  flex_column_div av-zero-column-padding   avia-builder-el-20  el_after_av_one_third  el_before_av_one_third  column-top-margin\" style='border-radius:0px; '><div  class='avia-image-container  av-styling-    avia-builder-el-21  avia-builder-el-no-sibling  avia-align-center '  itemprop=\"image\" itemscope=\"itemscope\" itemtype=\"https:\/\/schema.org\/ImageObject\"  ><div class='avia-image-container-inner'><div class='avia-image-overlay-wrap'><img decoding=\"async\" class='wp-image-758 avia-img-lazy-loading-not-758 avia_image' src=\"http:\/\/josephinekaiser.com\/wp-content\/uploads\/2020\/11\/JosephineKaiser_Sculpture_BatmanandRobin-600x878.png\" alt='' title='JosephineKaiser_Sculpture_BatmanandRobin' height=\"878\" width=\"600\"  itemprop=\"thumbnailUrl\" srcset=\"http:\/\/josephinekaiser.com\/wp-content\/uploads\/2020\/11\/JosephineKaiser_Sculpture_BatmanandRobin-600x878.png 600w, http:\/\/josephinekaiser.com\/wp-content\/uploads\/2020\/11\/JosephineKaiser_Sculpture_BatmanandRobin-704x1030.png 704w, http:\/\/josephinekaiser.com\/wp-content\/uploads\/2020\/11\/JosephineKaiser_Sculpture_BatmanandRobin-768x1124.png 768w, http:\/\/josephinekaiser.com\/wp-content\/uploads\/2020\/11\/JosephineKaiser_Sculpture_BatmanandRobin-482x705.png 482w, http:\/\/josephinekaiser.com\/wp-content\/uploads\/2020\/11\/JosephineKaiser_Sculpture_BatmanandRobin.png 976w\" sizes=\"(max-width: 600px) 100vw, 600px\" \/><\/div><\/div><\/div><\/div>\n<div class=\"flex_column av_one_third  flex_column_div av-zero-column-padding   avia-builder-el-22  el_after_av_one_third  el_before_av_one_full  column-top-margin\" style='border-radius:0px; '><div  class='avia-image-container  av-styling-    avia-builder-el-23  avia-builder-el-no-sibling  avia-align-center '  itemprop=\"image\" itemscope=\"itemscope\" itemtype=\"https:\/\/schema.org\/ImageObject\"  ><div class='avia-image-container-inner'><div class='avia-image-overlay-wrap'><img decoding=\"async\" class='wp-image-762 avia-img-lazy-loading-not-762 avia_image' src=\"http:\/\/josephinekaiser.com\/wp-content\/uploads\/2020\/11\/JosephineKaiser_Sculpture_Couple1-600x879.png\" alt='' title='JosephineKaiser_Sculpture_Couple1' height=\"879\" width=\"600\"  itemprop=\"thumbnailUrl\" srcset=\"http:\/\/josephinekaiser.com\/wp-content\/uploads\/2020\/11\/JosephineKaiser_Sculpture_Couple1-600x879.png 600w, http:\/\/josephinekaiser.com\/wp-content\/uploads\/2020\/11\/JosephineKaiser_Sculpture_Couple1-703x1030.png 703w, http:\/\/josephinekaiser.com\/wp-content\/uploads\/2020\/11\/JosephineKaiser_Sculpture_Couple1-768x1125.png 768w, http:\/\/josephinekaiser.com\/wp-content\/uploads\/2020\/11\/JosephineKaiser_Sculpture_Couple1-481x705.png 481w, http:\/\/josephinekaiser.com\/wp-content\/uploads\/2020\/11\/JosephineKaiser_Sculpture_Couple1.png 972w\" sizes=\"(max-width: 600px) 100vw, 600px\" \/><\/div><\/div><\/div><\/div>\n<div class=\"flex_column av_one_full  flex_column_div av-zero-column-padding first  avia-builder-el-24  el_after_av_one_third  el_before_av_one_third  column-top-margin\" style='border-radius:0px; '><section class=\"av_textblock_section \"  itemscope=\"itemscope\" itemtype=\"https:\/\/schema.org\/CreativeWork\" ><div class='avia_textblock  '   itemprop=\"text\" ><p style=\"text-align: center;\"><span style=\"color: #34444d;\">\u201eAn der Grenze zum politisch unkorrekten. Neugierig geworden und mit Kaufansicht erkundigte ich mich beim vermeindlichen Standinhaber nach dem Preis, ob es sich um Originale handle, in welcher Technik sie hergestellt wurden und ob er der Autor dieser wunderbaren zum Schmunzeln und Nachdenken anregenden kleinen Frechheiten sei. Er sch\u00fcttelte den Kopf, sagte \u201e Moment mal \u201e und entschwand. Kurz danach n\u00e4herte sich eine strahlende \u00fcppige attraktive blonde Mittdrei\u00dfigerin\u00a0die sich zu meinem Erstaunen ( ich h\u00e4tte geschworen, da\u00df das nur einem M\u00e4nnerhirn\u00a0entsprungen sein kann) als die Sch\u00f6pferin der wunderbaren kleinen Kunstwerke zu erkennen\u00a0gab und mich \u00fcber Machart und Preis in Kenntnis setzte.<\/span><\/p>\n<p style=\"text-align: center;\"><span style=\"color: #34444d;\">Ich kaufte zwei wobei die Qual der Wahl mich plagte. Am liebsten h\u00e4tte ich alle gekauft.\u00a0Was macht die kleinen Skulpturen zu dem was sie sind und ich in ihnen sehe?\u00a0Sie sind genaue Beobachtungen und doch sehr freie Formulierungen der unausgesprochenen sexuellen Zwischenwelt von Phantasie und Realit\u00e4t die in jedem von uns steckt. In ihrer Ausdruckskraft die auf die Kenntnis der Materie durch die K\u00fcnstlerin schlie\u00dfen lassen sind sie humorvolle exakte Reflexionen einer Sicht auf die Welt die bei den meisten unterdr\u00fcckt und doch unterschwellig vorhanden ist.&#8221;<\/span><\/p>\n<\/div><\/section><\/div><div class=\"flex_column av_one_third  flex_column_div av-zero-column-padding first  avia-builder-el-26  el_after_av_one_full  el_before_av_one_third  column-top-margin\" style='border-radius:0px; '><div  class='avia-image-container  av-styling-    avia-builder-el-27  avia-builder-el-no-sibling  avia-align-center '  itemprop=\"image\" itemscope=\"itemscope\" itemtype=\"https:\/\/schema.org\/ImageObject\"  ><div class='avia-image-container-inner'><div class='avia-image-overlay-wrap'><img decoding=\"async\" class='wp-image-763 avia-img-lazy-loading-not-763 avia_image' src=\"http:\/\/josephinekaiser.com\/wp-content\/uploads\/2020\/11\/JosephineKaiser_Sculpture_Couple2.png\" alt='' title='JosephineKaiser_Sculpture_Couple2' height=\"1218\" width=\"798\"  itemprop=\"thumbnailUrl\" srcset=\"http:\/\/josephinekaiser.com\/wp-content\/uploads\/2020\/11\/JosephineKaiser_Sculpture_Couple2.png 798w, http:\/\/josephinekaiser.com\/wp-content\/uploads\/2020\/11\/JosephineKaiser_Sculpture_Couple2-600x916.png 600w, http:\/\/josephinekaiser.com\/wp-content\/uploads\/2020\/11\/JosephineKaiser_Sculpture_Couple2-675x1030.png 675w, http:\/\/josephinekaiser.com\/wp-content\/uploads\/2020\/11\/JosephineKaiser_Sculpture_Couple2-768x1172.png 768w, http:\/\/josephinekaiser.com\/wp-content\/uploads\/2020\/11\/JosephineKaiser_Sculpture_Couple2-462x705.png 462w\" sizes=\"(max-width: 798px) 100vw, 798px\" \/><\/div><\/div><\/div><\/div><\/p>\n<div class=\"flex_column av_one_third  flex_column_div av-zero-column-padding   avia-builder-el-28  el_after_av_one_third  el_before_av_one_third  column-top-margin\" style='border-radius:0px; '><div  class='avia-image-container  av-styling-    avia-builder-el-29  avia-builder-el-no-sibling  avia-align-center '  itemprop=\"image\" itemscope=\"itemscope\" itemtype=\"https:\/\/schema.org\/ImageObject\"  ><div class='avia-image-container-inner'><div class='avia-image-overlay-wrap'><img decoding=\"async\" class='wp-image-759 avia-img-lazy-loading-not-759 avia_image' src=\"http:\/\/josephinekaiser.com\/wp-content\/uploads\/2020\/11\/JosephineKaiser_Sculpture_BunniesNurse-600x879.png\" alt='' title='JosephineKaiser_Sculpture_BunniesNurse' height=\"879\" width=\"600\"  itemprop=\"thumbnailUrl\" srcset=\"http:\/\/josephinekaiser.com\/wp-content\/uploads\/2020\/11\/JosephineKaiser_Sculpture_BunniesNurse-600x879.png 600w, http:\/\/josephinekaiser.com\/wp-content\/uploads\/2020\/11\/JosephineKaiser_Sculpture_BunniesNurse-703x1030.png 703w, http:\/\/josephinekaiser.com\/wp-content\/uploads\/2020\/11\/JosephineKaiser_Sculpture_BunniesNurse-768x1125.png 768w, http:\/\/josephinekaiser.com\/wp-content\/uploads\/2020\/11\/JosephineKaiser_Sculpture_BunniesNurse-481x705.png 481w, http:\/\/josephinekaiser.com\/wp-content\/uploads\/2020\/11\/JosephineKaiser_Sculpture_BunniesNurse.png 972w\" sizes=\"(max-width: 600px) 100vw, 600px\" \/><\/div><\/div><\/div><\/div>\n<div class=\"flex_column av_one_third  flex_column_div av-zero-column-padding   avia-builder-el-30  el_after_av_one_third  el_before_av_one_full  column-top-margin\" style='border-radius:0px; '><div  class='avia-image-container  av-styling-    avia-builder-el-31  avia-builder-el-no-sibling  avia-align-center '  itemprop=\"image\" itemscope=\"itemscope\" itemtype=\"https:\/\/schema.org\/ImageObject\"  ><div class='avia-image-container-inner'><div class='avia-image-overlay-wrap'><img decoding=\"async\" class='wp-image-780 avia-img-lazy-loading-not-780 avia_image' src=\"http:\/\/josephinekaiser.com\/wp-content\/uploads\/2020\/11\/JosephineKaiser_Sculpture_WrestlingLady2-600x920.png\" alt='' title='JosephineKaiser_Sculpture_WrestlingLady2' height=\"920\" width=\"600\"  itemprop=\"thumbnailUrl\" srcset=\"http:\/\/josephinekaiser.com\/wp-content\/uploads\/2020\/11\/JosephineKaiser_Sculpture_WrestlingLady2-600x920.png 600w, http:\/\/josephinekaiser.com\/wp-content\/uploads\/2020\/11\/JosephineKaiser_Sculpture_WrestlingLady2-672x1030.png 672w, http:\/\/josephinekaiser.com\/wp-content\/uploads\/2020\/11\/JosephineKaiser_Sculpture_WrestlingLady2-768x1178.png 768w, http:\/\/josephinekaiser.com\/wp-content\/uploads\/2020\/11\/JosephineKaiser_Sculpture_WrestlingLady2-460x705.png 460w, http:\/\/josephinekaiser.com\/wp-content\/uploads\/2020\/11\/JosephineKaiser_Sculpture_WrestlingLady2.png 828w\" sizes=\"(max-width: 600px) 100vw, 600px\" \/><\/div><\/div><\/div><\/div>\n<div class=\"flex_column av_one_full  flex_column_div av-zero-column-padding first  avia-builder-el-32  el_after_av_one_third  avia-builder-el-last  column-top-margin\" style='border-radius:0px; '><section class=\"av_textblock_section \"  itemscope=\"itemscope\" itemtype=\"https:\/\/schema.org\/CreativeWork\" ><div class='avia_textblock  '   itemprop=\"text\" ><p style=\"text-align: center;\"><span style=\"color: #34444d;\">\u201eIhre ausdrucksstarke Aussagekraft geht nicht zuletzt auf das handwerkliche K\u00f6nnen mit der sie hergestellt wurden zur\u00fcck. Ihre Betrachtung zaubert nicht nur\u00a0ein L\u00e4cheln ins Gesicht des Betrachters. Sie stellt auch Fragen, die mit einer Leichtigkeit daherkommen, nach dem Unausgesprochenen der eigenen Verklemmtheit, die in einer scheinbar aufgekl\u00e4rten \u00fcbersexualisierten Welt kein Thema mehr zu sein scheinen. Und doch ber\u00fchren sie einen Punkt der Zwischenwelt von Sein und Schein und Scheinheiligkeit, von Kopf und Unterk\u00f6rper, von Intellekt und Emotion die einhergeht mit den Sissi-Filmen und der Realit\u00e4t der Josefine Mutzenbacher, wer es denn gelesen hat.&#8221;<\/span><\/p>\n<p style=\"text-align: center;\"><span style=\"color: #34444d;\">\u201eDanke Frau Josephine Kaiser !&#8221;<\/span><\/p>\n<p style=\"text-align: center;\"><span style=\"color: #34444d;\">written by FLATZ<\/span><\/p>\n<\/div><\/section><\/div>\n","protected":false},"excerpt":{"rendered":"","protected":false},"author":1,"featured_media":0,"parent":0,"menu_order":0,"comment_status":"closed","ping_status":"closed","template":"","meta":[],"_links":{"self":[{"href":"http:\/\/josephinekaiser.com\/index.php?rest_route=\/wp\/v2\/pages\/344"}],"collection":[{"href":"http:\/\/josephinekaiser.com\/index.php?rest_route=\/wp\/v2\/pages"}],"about":[{"href":"http:\/\/josephinekaiser.com\/index.php?rest_route=\/wp\/v2\/types\/page"}],"author":[{"embeddable":true,"href":"http:\/\/josephinekaiser.com\/index.php?rest_route=\/wp\/v2\/users\/1"}],"replies":[{"embeddable":true,"href":"http:\/\/josephinekaiser.com\/index.php?rest_route=%2Fwp%2Fv2%2Fcomments&post=344"}],"version-history":[{"count":30,"href":"http:\/\/josephinekaiser.com\/index.php?rest_route=\/wp\/v2\/pages\/344\/revisions"}],"predecessor-version":[{"id":920,"href":"http:\/\/josephinekaiser.com\/index.php?rest_route=\/wp\/v2\/pages\/344\/revisions\/920"}],"wp:attachment":[{"href":"http:\/\/josephinekaiser.com\/index.php?rest_route=%2Fwp%2Fv2%2Fmedia&parent=344"}],"curies":[{"name":"wp","href":"https:\/\/api.w.org\/{rel}","templated":true}]}}